{"id":3,"date":"2019-08-09T09:45:53","date_gmt":"2019-08-09T07:45:53","guid":{"rendered":"http:\/\/leandro.sdrconsulenze.it\/?page_id=3"},"modified":"2019-11-07T11:43:51","modified_gmt":"2019-11-07T10:43:51","slug":"privacy-policy","status":"publish","type":"page","link":"https:\/\/grossetoedilizia.com\/?page_id=3","title":{"rendered":"Privacy Policy"},"content":{"rendered":"<p>[vc_row][vc_column][vc_empty_space height=&#8221;80px&#8221;][vc_column_text]<\/p>\r\n<h5 class=\"wp-block-heading\" style=\"text-align: justify;\"><strong>INFORMATIVA PRIVACY E COOKIE\u00a0<\/strong><a href=\"https:\/\/grossetoedilizia.it\/\"><strong>www.grossetoedilizia.it<\/strong><\/a><\/h5>\r\n<p style=\"text-align: justify;\">In ottemperanza degli obblighi derivanti dalla normativa nazionale e comunitaria, (Regolamento europeo per la protezione dei dati personali n. 679\/2016, GDPR) e successive modifiche, il presente sito rispetta e tutela la riservatezza dei visitatori e degli utenti, ponendo in essere ogni sforzo possibile e proporzionato per non ledere i diritti degli utenti.<\/p>\r\n<p style=\"text-align: justify;\">La presente privacy policy si applica esclusivamente alle attivit\u00e0 online del presente sito ed \u00e8 valida per i visitatori\/utenti del sito. Non si applica alle informazioni raccolte tramite canali diversi dal presente sito web.\u00a0Lo scopo dell\u2019informativa privacy \u00e8 di fornire la massima trasparenza relativamente alle informazioni che il sito raccoglie e come le usa.<\/p>\r\n<h5 style=\"text-align: justify;\"><strong>BASE GIURIDICA DEL TRATTAMENTO<\/strong><\/h5>\r\n<p style=\"text-align: justify;\"><strong>Il presente sito tratta i dati in base al consenso.<\/strong>\u00a0<u>Con l\u2019uso o la consultazione del presente sito i visitatori e gli utenti approvano esplicitamente la presente informativa privacy e acconsentono al trattamento dei loro dati personali in relazione alle modalit\u00e0 e alle finalit\u00e0 di seguito descritte, compreso l\u2019eventuale diffusione a terzi se necessaria per l\u2019erogazione di un servizio.<\/u><\/p>\r\n<p style=\"text-align: justify;\">Il conferimento dei dati e quindi il Consenso alla raccolta e al trattamento dei dati \u00e8 facoltativo, l\u2019Utente pu\u00f2 negare il consenso, e pu\u00f2 revocare in qualsiasi momento un consenso gi\u00e0 fornito (tramite il\u00a0<u><a href=\"https:\/\/grossetoedilizia.com\/contatti\/\">link Contatti<\/a>)<\/u>. Tuttavia negare il consenso pu\u00f2 comportare l\u2019impossibilit\u00e0 di erogare alcuni servizi e l\u2019esperienza di navigazione nel sito potrebbe essere compromessa.<\/p>\r\n<h5 style=\"text-align: justify;\"><strong>DATI RACCOLTI E FINALIT<em>\u00c0<\/em><\/strong><\/h5>\r\n<p style=\"text-align: justify;\">Come tutti i siti web anche il presente sito fa uso di log files nei quali vengono conservate<strong>\u00a0informazioni raccolte in maniera automatizzata\u00a0<\/strong>durante le visite degli utenti.<\/p>\r\n<p style=\"text-align: justify;\">Le informazioni raccolte potrebbero essere le seguenti:<\/p>\r\n<p style=\"text-align: justify;\">\u2013 indirizzo internet protocol (IP);<br \/>\u2013 tipo di browser e parametri del dispositivo usato per connettersi al sito;<br \/>\u2013 nome dell\u2019internet service provider (ISP);<br \/>\u2013 data e orario di visita;<br \/>\u2013 pagina web di provenienza del visitatore (referral) e di uscita;<br \/>\u2013 eventualmente il numero di click.<\/p>\r\n<p style=\"text-align: justify;\">Le suddette informazioni sono trattate in forma automatizzata e raccolte in forma esclusivamente aggregata al fine di verificare il corretto funzionamento del sito, e per motivi di sicurezza.<\/p>\r\n<p style=\"text-align: justify;\">A fini di sicurezza (filtri antispam, firewall, rilevazione virus), i dati registrati automaticamente possono eventualmente comprendere anche dati personali come l\u2019indirizzo IP, che potrebbe essere utilizzato, conformemente alle leggi vigenti in materia, al fine di bloccare tentativi di danneggiamento al sito medesimo o di recare danno ad altri utenti, o comunque attivit\u00e0 dannose o costituenti reato. Tali dati non sono mai utilizzati per l\u2019identificazione o la profilazione dell\u2019utente, ma solo a fini di tutela del sito e dei suoi utenti.<\/p>\r\n<p style=\"text-align: justify;\">Qualora il sito consenta l\u2019inserimento di commenti, oppure in caso di specifici servizi richiesti dall\u2019utente, il sito rileva automaticamente e registra alcuni\u00a0<strong>dati identificativi dell\u2019utente<\/strong>, compreso l\u2019indirizzo mail. Tali dati si intendono\u00a0<strong>volontariamente forniti dall\u2019utente al momento della richiesta di erogazione del servizio<\/strong>.\u00a0Inserendo un commento o altra informazione l\u2019utente accetta espressamente l\u2019informativa privacy, e in particolare acconsente che i contenuti inseriti siano liberamente diffusi anche a terzi.<\/p>\r\n<p style=\"text-align: justify;\">I dati ricevuti verranno utilizzati esclusivamente per l\u2019erogazione del servizio richiesto e per il solo tempo necessario per la fornitura del servizio.<\/p>\r\n<p style=\"text-align: justify;\">Le informazioni che gli utenti del sito riterranno di rendere pubbliche tramite i servizi e gli strumenti messi a disposizione degli stessi, sono fornite dall\u2019utente consapevolmente e volontariamente, esentando il presente sito da qualsiasi responsabilit\u00e0 in merito ad eventuali violazioni delle leggi. Spetta all\u2019utente verificare di avere i permessi per l\u2019immissione di dati personali di terzi o di contenuti tutelati dalle norme nazionali ed internazionali.<\/p>\r\n<p style=\"text-align: justify;\">I dati raccolti dal sito durante il suo funzionamento sono utilizzati esclusivamente per le finalit\u00e0 sopra indicate e conservati per il tempo strettamente necessario a svolgere le attivit\u00e0 precisate. In ogni caso i dati rilevati dal sito non saranno forniti mai a terzi, per nessuna ragione, a meno che non si tratti di legittima richiesta da parte dell\u2019autorit\u00e0 giudiziaria e nei soli casi previsti dalla legge.<\/p>\r\n<p style=\"text-align: justify;\">I dati utilizzati a fini di sicurezza (blocco tentativi di danneggiamento del sito) sono conservati per 7 giorni.<\/p>\r\n<h5 style=\"text-align: justify;\"><strong>LUOGO DEL TRATTAMENTO<\/strong><\/h5>\r\n<p style=\"text-align: justify;\">I dati raccolti dal sito sono trattati presso la sede del Titolare del Trattamento, e presso il datacenter del web Hosting. Il web hosting (MSW srls \u2013 Viale Repubblica Dominicana 80\/H, 58100 Grosseto, \u00a0IT), che \u00e8 responsabile del trattamento dei dati, elaborando i dati per conto del titolare, si trova nello Spazio Economico Europeo e agisce in conformit\u00e0 delle norme europee.<\/p>\r\n<h5 style=\"text-align: justify;\"><strong>COOKIE<\/strong><\/h5>\r\n<p style=\"text-align: justify;\">Come \u00e8 d\u2019uso su tutti i siti web, anche questo sito fa uso di cookies, piccoli file di testo che consentono di conservare informazioni sulle preferenze dei visitatori, per migliorare le funzionalit\u00e0 del sito, per semplificarne la navigazione automatizzando le procedure (es. Login, lingua sito) e per l\u2019analisi dell\u2019uso del sito.<\/p>\r\n<p style=\"text-align: justify;\">I\u00a0<strong>cookie di sessione<\/strong>\u00a0sono essenziali per poter distinguere tra gli utenti collegati, e sono utili per evitare che una funzionalit\u00e0 richiesta possa essere fornita all\u2019utente sbagliato, nonch\u00e9 per fini di sicurezza per impedire attacchi informatici al sito. I cookie di sessione non contengono dati personali e durano per la sola sessione in corso, cio\u00e8 fino alla chiusura del browser. Per essi non occorre consenso.<\/p>\r\n<p style=\"text-align: justify;\">I\u00a0<strong>functionality cookie<\/strong>\u00a0utilizzati dal sito sono strettamente necessari per l\u2019uso del sito, in particolare sono collegati ad una espressa richiesta di funzionalit\u00e0 da parte dell\u2019utente (come il Login), per i quali non occorre alcun consenso.<\/p>\r\n<p style=\"text-align: justify;\"><strong>Utilizzando il sito il visitatore acconsente espressamente all\u2019uso dei cookies.<\/strong><\/p>\r\n<h5 style=\"text-align: justify;\"><strong>Disabilitazione cookie<\/strong><\/h5>\r\n<p style=\"text-align: justify;\">I cookies sono collegati al browser utilizzato e\u00a0<u>POSSONO ESSERE DISABILITATI DIRETTAMENTE DAL BROWSER<\/u>, cos\u00ec rifiutando\/revocando il consenso all\u2019uso dei cookies. Occorre tenere presente che la disabilitazione dei cookies potrebbe impedire il corretto utilizzo di alcune funzioni del sito stesso.<\/p>\r\n<p style=\"text-align: justify;\">Le istruzioni per la disabilitazione dei cookies si trovano alle seguenti pagine web:<\/p>\r\n<p style=\"text-align: justify;\"><a href=\"https:\/\/support.mozilla.org\/it\/kb\/Attivare%20e%20disattivare%20i%20cookie\">Mozilla Firefox<\/a>\u00a0\u2013\u00a0<a href=\"https:\/\/support.microsoft.com\/it-it\/help\/17442\/windows-internet-explorer-delete-manage-cookies\">Microsoft Internet Explorer<\/a>\u00a0\u2013\u00a0<a href=\"https:\/\/support.microsoft.com\/it-it\/help\/4027947\/windows-delete-cookies\">Microsoft Edge<\/a>\u00a0\u2013\u00a0<a href=\"https:\/\/support.google.com\/chrome\/answer\/95647?hl=it\">Google Chrome<\/a>\u00a0\u2013\u00a0<a href=\"http:\/\/help.opera.com\/Windows\/10.00\/it\/cookies.html\">Opera<\/a>\u00a0\u2013\u00a0<a href=\"https:\/\/support.apple.com\/it-it\/HT201265\">Apple Safari<\/a><\/p>\r\n<h5 style=\"text-align: justify;\"><strong>Cookies di terze parti<\/strong><\/h5>\r\n<p style=\"text-align: justify;\">Il presente sito funge anche da<strong>\u00a0intermediario per cookies di terze parti<\/strong>, utilizzati per poter fornire ulteriori servizi e funzionalit\u00e0 ai visitatori e per migliorare l\u2019uso del sito stesso, come i pulsanti per i social, oppure video. Questo sito non ha alcun controllo sui cookie delle terze parti, interamente gestiti dalle terze parti. In conseguenza di ci\u00f2 le informazioni sull\u2019uso dei detti cookies e sulle finalit\u00e0 degli stessi, nonch\u00e9 sulle modalit\u00e0 per l\u2019eventuale disabilitazione, sono fornite direttamente dalle terze parti alle pagine indicate di seguito.<\/p>\r\n<p style=\"text-align: justify;\">In particolare il presente sito utilizza cookies delle seguenti terze parti:<\/p>\r\n<p style=\"text-align: justify;\">\u2013\u00a0<strong>Google\u00a0Analytics<\/strong>:\u00a0uno strumento di analisi di Google che attraverso l\u2019uso di cookies (performance cookies), raccoglie dati di navigazione anonimi (IP troncati all\u2019ultimo ottetto) ed esclusivamente aggregati allo scopo di esaminare l\u2019uso del sito da parte degli utenti, compilare report sulle attivit\u00e0 nel sito e fornire altre informazioni, compreso il numero dei visitatori e le pagine visitate. Google pu\u00f2 anche trasferire queste informazioni a terzi ove ci\u00f2 sia imposto dalla legge o laddove tali terzi trattino le suddette informazioni per conto di Google. Google non assocer\u00e0 l\u2019indirizzo Ip a nessun altro dato posseduto da Google. I dati trasmessi a Google sono depositati presso i server di Google negli Stati Uniti.<\/p>\r\n<p style=\"text-align: justify;\">In base a specifico accordo con Google, che \u00e8 designato quale responsabile del trattamento dei dati, questi si impegna a trattare i dati in base alle richieste del Titolare (vedi in fondo all\u2019informativa), impartite tramite le impostazioni del software. In base a tali impostazioni le opzioni pubblicitarie e di condivisione dei dati sono disattive.<\/p>\r\n<p style=\"text-align: justify;\">Ulteriori informazioni sui cookies di Google Analytics si trovano alla pagina\u00a0<a href=\"https:\/\/developers.google.com\/analytics\/devguides\/collection\/analyticsjs\/cookie-usage\">Google Analytics Cookie Usage on Websites<\/a>.<\/p>\r\n<p style=\"text-align: justify;\">L\u2019utente pu\u00f2 disabilitare in modo selettivo la raccolta di dati da parte di Google Analytics installando sul proprio browser l\u2019<a href=\"https:\/\/tools.google.com\/dlpage\/gaoptout\">apposito componente fornito da Google<\/a>\u00a0(opt out).<\/p>\r\n<p style=\"text-align: justify;\">\u2013\u00a0<strong>Youtube<\/strong>:\u00a0una piattaforma di propriet\u00e0 di Google, per la condivisione di video, che utilizza cookie per raccogliere informazioni degli utenti e dei dispositivi di navigazione. I video presenti nel sito non veicolano cookie all\u2019accesso della pagina, essendo stata impostata l\u2019opzione \u201c<a href=\"https:\/\/support.google.com\/youtube\/answer\/171780?expand=PrivacyEnhancedMode#privacy\">privacy avanzata (no cookie)<\/a>\u201d in base alla quale YouTube non memorizza le informazioni sui visitatori a meno che essi non riproducano volontariamente il video.<\/p>\r\n<p style=\"text-align: justify;\">Per ulteriori informazioni sull\u2019uso dei dati e sul loro trattamento da parte di Google si raccomanda di prendere visione delle informazioni all\u2019apposita\u00a0<a href=\"https:\/\/www.google.com\/intl\/it\/policies\/privacy\/\">pagina predisposta da Google<\/a>, e alla pagina sulle\u00a0<a href=\"https:\/\/policies.google.com\/privacy\/partners?hl=it\">Modalit\u00e0 di utilizzo dei dati da parte di Google quando si utilizzano siti o app dei partner<\/a>.<\/p>\r\n<h5 style=\"text-align: justify;\"><strong>PLUGIN SOCIAL NETWORK<\/strong><\/h5>\r\n<p style=\"text-align: justify;\">Il presente sito incorpora anche plugin e\/o bottoni per i social network, al fine di consentire una facile condivisione dei contenuti sui vostri social network preferiti. Tali plugin sono programmati in modo da non impostare alcun cookie all\u2019accesso della pagina, per salvaguardare la privacy degli utenti. Eventualmente i cookie vengono impostati, se cos\u00ec previsto dai social network, solo quando l\u2019utente fa effettivo e volontario uso del plugin. Si tenga presente che se l\u2019utente naviga essendo loggato nel social network allora ha gi\u00e0 acconsentito all\u2019uso dei cookie veicolati tramite questo sito al momento dell\u2019iscrizione al social network.<br \/>La raccolta e l\u2019uso delle informazioni ottenute a mezzo del plugin sono regolati dalle rispettive informative privacy dei social network, alle quali si prega di fare riferimento.<\/p>\r\n<p style=\"text-align: justify;\">\u2013\u00a0<a href=\"https:\/\/www.facebook.com\/about\/privacy\/\">Facebook<\/a>\u00a0\u2013 (<a href=\"https:\/\/www.facebook.com\/help\/cookies\/\">link informativa cookie<\/a>)<\/p>\r\n<p style=\"text-align: justify;\">\u2013\u00a0<a href=\"https:\/\/www.linkedin.com\/legal\/privacy-policy\">LinkedIn<\/a>\u00a0\u2013 (<a href=\"https:\/\/www.linkedin.com\/legal\/cookie-policy\">link informativa cookie<\/a>)<\/p>\r\n<h5 style=\"text-align: justify;\"><strong>TRASFERIMENTO DI DATI IN PAESE EXTRA UE<\/strong><\/h5>\r\n<p style=\"text-align: justify;\">Il presente sito potrebbe condividere alcuni dei dati raccolti con servizi localizzati al di fuori dell\u2019area dell\u2019Unione Europea. In particolare con Google, Facebook e Microsoft (LinkedIn) tramite i social plugin e il servizio di Google Analytics. Il trasferimento \u00e8 autorizzato in base a specifiche\u00a0<a href=\"http:\/\/www.garanteprivacy.it\/home\/provvedimenti-normativa\/normativa\/normativa-comunitaria-e-intenazionale\/trasferimento-dei-dati-verso-paesi-terzi\">decisioni dell\u2019Unione Europea e del Garante per la tutela dei dati personali<\/a>, in particolare la decisione 1250\/2016 (<a href=\"http:\/\/eur-lex.europa.eu\/legal-content\/IT\/TXT\/?uri=CELEX%3A32016D1250\">Privacy Shield<\/a>\u00a0\u2013 qui la\u00a0<a href=\"http:\/\/www.garanteprivacy.it\/web\/guest\/home\/docweb\/-\/docweb-display\/docweb\/5306161\">pagina informativa del Garante italiano<\/a>), per cui non occorre ulteriore consenso.\u00a0Le aziende sopra menzionate garantiscono la propria adesione al Privacy Shield.<\/p>\r\n<h5 style=\"text-align: justify;\"><strong>MISURE DI SICUREZZA<\/strong><\/h5>\r\n<p style=\"text-align: justify;\">Il presente sito tratta i dati degli utenti in maniera lecita e corretta, adottando le opportune misure di sicurezza volte ad impedire accessi non autorizzati, divulgazione, modifica o distruzione non autorizzata dei dati. Il trattamento viene effettuato mediante strumenti informatici e\/o telematici, con modalit\u00e0 organizzative e con logiche strettamente correlate alle finalit\u00e0 indicate. Oltre al titolare, in alcuni casi, potrebbero avere accesso ai dati categorie di incaricati coinvolti nell\u2019organizzazione del sito (personale amministrativo, commerciale, marketing, legali, amministratori di sistema) ovvero soggetti esterni (come fornitori di servizi tecnici terzi, corrieri postali, hosting provider, societ\u00e0 informatiche, agenzie di comunicazione).<\/p>\r\n<h5 style=\"text-align: justify;\"><strong>DIRITTI DELL\u2019UTENTE<\/strong><\/h5>\r\n<p style=\"text-align: justify;\">Ai sensi del Regolamento europeo 679\/2016 (GDPR) e della normativa nazionale, l\u2019Utente pu\u00f2, secondo le modalit\u00e0 e nei limiti previsti dalla vigente normativa, esercitare i seguenti diritti:<\/p>\r\n<p style=\"text-align: justify;\">\u2013 richiedere la conferma dell\u2019esistenza di dati personali che lo riguardano (diritto di accesso);<br \/>\u2013 conoscerne l\u2019origine;<\/p>\r\n<p style=\"text-align: justify;\">\u2013 riceverne comunicazione intelligibile;<\/p>\r\n<p style=\"text-align: justify;\">\u2013 avere informazioni circa la logica, le modalit\u00e0 e le finalit\u00e0 del trattamento;<\/p>\r\n<p style=\"text-align: justify;\">\u2013 richiederne l\u2019aggiornamento, la rettifica, l\u2019integrazione, la cancellazione, la trasformazione in forma anonima, il blocco dei dati trattati in violazione di legge, ivi compresi quelli non pi\u00f9 necessari al perseguimento degli scopi per i quali sono stati raccolti;<\/p>\r\n<p style=\"text-align: justify;\">\u2013 nei casi di trattamento basato su consenso, ricevere al solo costo dell\u2019eventuale supporto, i suoi dati forniti al titolare, in forma strutturata e leggibile da un elaboratore di dati e in un formato comunemente usato da un dispositivo elettronico;<\/p>\r\n<p style=\"text-align: justify;\">\u2013 il diritto di presentare un reclamo all\u2019Autorit\u00e0 di controllo (Garante Privacy \u2013\u00a0<a href=\"http:\/\/www.garanteprivacy.it\/web\/guest\/home\/docweb\/-\/docweb-display\/docweb\/4535524\">link alla pagina del Garante<\/a>);<br \/>\u2013 nonch\u00e9, pi\u00f9 in generale, esercitare tutti i diritti che gli sono riconosciuti dalle vigenti disposizioni di legge.<\/p>\r\n<p style=\"text-align: justify;\">Le richieste vanno rivolte al Titolare del trattamento.<\/p>\r\n<p style=\"text-align: justify;\">Nel caso in cui i dati siano trattati in base ai\u00a0<strong>legittimi interessi<\/strong>\u00a0sono comunque garantiti i diritti degli interessati al trattamento (tranne il diritto alla portabilit\u00e0 che non \u00e8 previsto dalle norme), in particolare il diritto di opposizione al trattamento che pu\u00f2 essere esercitato inviando una richiesta al titolare del trattamento.<\/p>\r\n<h5 style=\"text-align: justify;\"><strong>TITOLARE DEL TRATTAMENTO<\/strong><\/h5>\r\n<p style=\"text-align: justify;\">Titolare del trattamento ai sensi delle leggi vigenti \u00e8:\u00a0<strong>Grosseto Edilizia S.r.l<\/strong>, contattabile tramite la sezione\u00a0contatti (<a href=\"https:\/\/grossetoedilizia.com\/contatti\/\">link ai contatti<\/a>).<\/p>\r\n<p style=\"text-align: justify;\">Responsabile del Trattamento<\/p>\r\n<p style=\"text-align: justify;\">Il web hosting (MSW srls \u2013 Viale Repubblica Dominicana 80\/H, 58100 Grosseto, \u00a0IT), \u00e8 nominato responsabile del trattamento, elaborando i dati per conto del titolare. Il web hosting, trovandosi nello Spazio Economico Europeo agisce in conformit\u00e0 delle norme europee (link alla policy del web hosting).<\/p>\r\n<p style=\"text-align: justify;\">Google \u00e8 nominato responsabile del trattamento, elaborando dati per conto del titolare (Google Analytics).<\/p>\r\n<h5 style=\"text-align: justify;\"><strong>AGGIORNAMENTI<\/strong><\/h5>\r\n<p style=\"text-align: justify;\">La presente privacy policy \u00e8 aggiornata alla data del 21 agosto 2019<\/p>\r\n<p style=\"text-align: justify;\"><\/p>\r\n<p>[\/vc_column_text][\/vc_column][\/vc_row]<\/p>","protected":false},"excerpt":{"rendered":"<p>[vc_row][vc_column][vc_empty_space height=&#8221;80px&#8221;][vc_column_text] INFORMATIVA PRIVACY E COOKIE\u00a0www.grossetoedilizia.it In ottemperanza degli obblighi derivanti dalla normativa nazionale e comunitaria, (Regolamento europeo per la&#8230;<\/p>\n","protected":false},"author":1,"featured_media":0,"parent":0,"menu_order":0,"comment_status":"closed","ping_status":"closed","template":"","meta":{"_monsterinsights_skip_tracking":false,"_monsterinsights_sitenote_active":false,"_monsterinsights_sitenote_note":"","_monsterinsights_sitenote_category":0,"footnotes":""},"class_list":["post-3","page","type-page","status-publish"],"_links":{"self":[{"href":"https:\/\/grossetoedilizia.com\/index.php?rest_route=\/wp\/v2\/pages\/3","targetHints":{"allow":["GET"]}}],"collection":[{"href":"https:\/\/grossetoedilizia.com\/index.php?rest_route=\/wp\/v2\/pages"}],"about":[{"href":"https:\/\/grossetoedilizia.com\/index.php?rest_route=\/wp\/v2\/types\/page"}],"author":[{"embeddable":true,"href":"https:\/\/grossetoedilizia.com\/index.php?rest_route=\/wp\/v2\/users\/1"}],"replies":[{"embeddable":true,"href":"https:\/\/grossetoedilizia.com\/index.php?rest_route=%2Fwp%2Fv2%2Fcomments&post=3"}],"version-history":[{"count":6,"href":"https:\/\/grossetoedilizia.com\/index.php?rest_route=\/wp\/v2\/pages\/3\/revisions"}],"predecessor-version":[{"id":1880,"href":"https:\/\/grossetoedilizia.com\/index.php?rest_route=\/wp\/v2\/pages\/3\/revisions\/1880"}],"wp:attachment":[{"href":"https:\/\/grossetoedilizia.com\/index.php?rest_route=%2Fwp%2Fv2%2Fmedia&parent=3"}],"curies":[{"name":"wp","href":"https:\/\/api.w.org\/{rel}","templated":true}]}}